
(34 - 39) + 19 + -3 + 0
11
What is -20 - (-10 + (0 - (-3 + -7))) - 5?
-25
Evaluate -37 - (-20 + -1) - -23.
7
Calculate -41 + 15 + 3 + -2 + 4.
-21
What is (-1 + 8 - (-15 - (-9 + -13))) + -20?
-20
Evaluate (7 - -3) + -6 - -1.
5
What is 11 + (-13 - -8 - -2) + -11?
-3
-20 - (0 - 2) - (8 - 34 - -28)
-20
Evaluate (-2 - (3 - 4 - -2)) + -31 + 40.
6
What is (63 - 47) + (-8 + -1 - -2)?
9
What is the value of (-8 - 0 - 2) + (7 - (53 - 41))?
-15
What is the value of -20 + -1 + (-110 - -116)?
-15
What is 1 + (-4 - -15) + -5 + (0 - 30)?
-23
Calculate (-2 - -1 - -3) + -36 + -16 + 35.
-15
(0 - -23) + -28 + -1
-6
3 + -14 - -4 - ((-5 - -2) + -11)
7
-103 - -105 - (-9 + 10 - (1 - 6))
-4
What is the value of (-5 - (0 - (-4 - -4)) - -4) + -1?
-2
What is -18 - ((-34 - 23) + 28)?
11
Evaluate -7 + 3 + -4 - (6 - (0 - -4)).
-10
What is the value of (10 - -10) + -5 + -5?
10
What is 24 + (-1 + -18 - (-11 - -7))?
9
What is the value of 6 + 16 - (-1 + 12 - -1)?
10
Calculate (7 - 12) + (5 - 6) + -1.
-7
What is the value of ((-2 - -9) + 4 - -1) + (28 - 28)?
12
22 + -7 + -17 + -3 + 18
13
What is -69 + 56 + -1 + 10?
-4
Calculate 7 + -1 + 2 - (-28 + 32 + -12).
16
Calculate (77 + -78 - (-16 + 0)) + -8.
7
What is (-46 - -52) + (-31 - (3 + -4) - -1)?
-23
What is the value of 0 - -15 - (52 + -39) - (5 + 21)?
-24
(-9 - (-13 - -8)) + (-9 - 1)
-14
What is the value of 1 - (13 + (-3 - 15) + (0 - -13))?
-7
Calculate (-1 - -1) + (86 - 102) + 39 + 0.
23
Evaluate 0 + (21 + 2 - 13) - (1 + -5).
14
Calculate ((0 - (-7 + -7)) + -4 - 4) + -18.
-12
What is the value of -10 + -3 + 0 + (-8 - -12)?
-9
What is -1 + -1 - (-391 + 389)?
0
-5 - (-7 + -8 + 5) - 7
-2
Calculate -38 + 28 + (2 - -37 - (5 - 5)).
29
What is 0 + -5 - 1 - -17 - -5?
16
0 - (3 + -5 + (7 - 8)) - 1
2
What is -37 + 16 - -8 - (-21 + 7)?
1
0 + 0 + (0 - 6 - -9 - -9)
12
Calculate 14 + -16 + 1 + -8.
-9
What is the value of 27 - (36 + -22 + -25)?
38
11 - (24 - (5 - (4 + -2))) - 5
-15
-14 + 14 + (0 - -1) + (-8 - -14)
7
(3 - -2) + (5 - (-1 + 4)) + -1
6
998 + -988 + -3 + 21 + 0
28
Calculate -11 - 0 - (51 + -48) - (-14 - -19).
-19
Calculate -2 - 17 - ((6 - -1) + (-16 - -2)).
-12
What is 7 + -3 + -10 - ((-11 - 0) + 7)?
-2
Calculate -74 - -63 - (4 + 0 + 6).
-21
What is (-25 - (24 - 21)) + (5 - 1 - -7)?
-17
Evaluate -2 + 10 - 2 - (8 + -2 - 6).
6
Calculate 30 + -22 + -13 - -16.
11
Calculate -8 + (22 - (21 + -16)).
9
Calculate 3 - (-4 + (-6 + 7 - -25)).
-19
What is -7 + 25 + (-27 - -5) + (-1 - -2)?
-3
Evaluate (-6 - -28) + (-8 - 6).
8
Calculate 12 - (-8 - (-8 - (-12 + 7))).
17
Evaluate -14 - (10 - (45 + -10)).
11
What is (-16 - (-38 + 5)) + -10?
7
What is -4 + -32 + 16 + 6?
-14
What is the value of -11 - (-30 - (-2 - 13)) - (0 + 1)?
3
Evaluate 0 + 28 + 15 + -37.
6
What is the value of (6 - (10 - (9 + 0))) + 4 + -1?
8
Calculate (8 - 6) + -9 + 5 - 2.
-4
Evaluate (0 - (0 + (-3 - -2))) + 2 + -9.
-6
What is 38 - 2 - (20 - 5)?
21
Calculate (10 + -20 - -3) + -5 - 9.
-21
What is (27 + -16 - 10) + (-1 - 2) + -5?
-7
Calculate -1 - -7 - (-8 - (0 - 14)) - 3.
-3
What is (0 + 10 - (-17 + 36 + -18)) + -13?
-4
Evaluate (11 - (7 + -12 + 14)) + -21.
-19
Evaluate (-8 - -2 - 2) + (-5 - -13 - 13).
-13
What is the value of 9 - (7 - 3 - (6 + -3)) - -8?
16
(-2 - (-6 + 5)) + (0 - -1) + 10
10
Evaluate 8 + (9 - 12 - -7) - 9.
3
Calculate 1 + (-6 - -4) + 10 - -1.
10
What is the value of -4 - -42 - 42 - 11?
-15
What is the value of 0 + 24 - (-24 + 0 + 11 + 10)?
27
Calculate 124 + -116 - (2 - -18 - (-1 + 4)).
-9
(-3 - -13) + (-27 + 9 - -30)
22
-17 - (1 + (-27 - -15) + 20)
-26
(1 - (-2 + -14 + 10)) + 4
11
-15 + 14 + 0 + 9
8
What is 8 + -14 + (8 - -2)?
4
0 + -10 + 17 + -10 + 5
2
Calculate -3 + (-2 + 0 - 0) + 12 + -7.
0
Evaluate -30 - (-3 - (-12 + 23)).
-16
What is 9 - (9 + -29 + 45)?
-16
What is 1 - (2 - 4) - 5 - 7?
-9
482 + -464 - (1 - -7)
10
Evaluate -14 - (-153 - -165 - (23 - 0)).
-3
Calculate ((-3 - 0) + (0 - 2) - -2) + 8.
5
What is (-28 - -25) + 13 + -3?
7
Evaluate -19 + ((-8 - 9) + (-1 - -10) - 0).
-27
Evaluate (-19 - 1) + (-5 - 8 - (0 + -11)).
-22
What is the value of (-2 + 8 - -4) + 20 + -22?
8
Calculate -15 - -5 - -12 - -1.
3
-10 + (-1 - (-22 - 4))
15
What is the value of (2 + -2 - -2) + 6?
8
Calculate 2 - ((-8 - -4) + 18 + 4 + 2).
-18
Calculate 16 - 7 - 1 - (-7 + -2 + 2).
15
What is -14 + (-6 - -19) + (-6 - -21) + 4?
18
What is the value of 7 + (-4 - 2) + 66 + -58?
9
-1 + (3 - -5) + 3 + -1
9
14 + (-23 + 36 - (38 - 2))
-9
Evaluate 2 + (9 - (12 + -13)).
12
-5 + (6 - (3 + (3 - 3 - -20)))
-22
Calculate -17 + (-6 + 16 - -4 - 6).
-9
(7 - 5) + (-3 - (2 + -7 - 1))
5
What is -33 + 21 + 15 + (-32 - -6)?
-23
Calculate (-44 - -67) + (-4 - 0).
19
What is the value of -7 + 14 + -4 - 25?
-22
Calculate -18 - (-18 - (-2 + -6 + -1)).
-9
What is -25 - (-51 + 17) - 22?
-13
What is -25 + 0 + 20 + -15 + -1 + 1?
-20
Calculate -9 + (13 + -11 - -3 - 11).
-15
Evaluate 19 - ((-16 - -16) + 22).
-3
What is the value of 32 - (20 + -51 + 35)?
28
Calculate 9 + (27 - (27 + 2)).
7
What is the value of 8 + -19 + (7 - -3) - -17?
16
What is -15 + (-30 - -42) - (4 - 0)?
-7
9 + (10 - 7) + 7 + -5
14
-12 + -4 + 1 + 3 + 2
-10
Calculate 9 + (-3 + 2 + -1 - -3).
10
Calculate 39 - 16 - (6 + 2 + -4 + 2).
17
Evaluate 18 + (6 - (-14 + 14)) - (3 - -1).
20
What is the value of (8 - 4) + -13 + 10?
1
(-11 - -4) + 8 + -7 + 21
15
What is the value of ((7 - 0) + -6 - 8) + 5?
-2
(-47 - -56) + -2 + (2 - 26) + 4
-13
Calculate 2 - (0 + (-11 - (-9 - -3))).
7
18 + 13 + -13 + -31
-13
Evaluate -11 - (1 - -2 - 10) - (5 + -1).
-8
Calculate 22 - (-10 - -38) - -9.
3
What is -1220 + 1224 + (-6 + 1 - (-1 - -2))?
-2
What is the value of -8 - (4 + (1 + -13 - -6 - -2))?
-8
What is the value of -4 + (-3 - (1 + -6 - (14 - 16)))?
-4
Calculate 38 + -19 + -17 - 8.
-6
(-14 - (-8 - 4)) + 2
0
What is the value of (28 - 14) + -29 - -20?
5
Evaluate -7 - (4 - 5) - (-5 - 11).
10
Calculate (-495 - -496) + (0 - 2 - 12).
-13
4 + -18 + 6 + (2 - -28 - 6)
16
-1 - 18 - ((33 - 16) + -23)
-13
0 - 1 - (-8 + 9 + -3 - -3)
-2
What is the value of (0 + 83 - 77) + (4 - 1 - -1)?
10
-31 - (-5 - 4) - -31
9
Calculate (5 - 2) + (33 - 45) - -18.
9
What is 2 + 1 - (0 - (-9 - -9 - 7))?
-4
Evaluate (-7 - -15) + -9 + (-10 + 4 - -4).
-3
Calculate -22 - (-67 + 41) - (0 - 15).
19
Calculate 8 + (-5 + -7 - (0 + -12 + 4)).
4
-15 + (1 - (-11 - -38) - -17)
-24
What is 280 - 270 - (23 - -1)?
-14
Evaluate (-11 - (-33 + 10)) + (-30 - 4).
-22
Evaluate 16 + -31 - (0 + (-5 - (-14 - -4))).
-20
Calculate 2 + (16 + (13 - 28) - (-1 - -3)).
1
14 + 1 + -1 + (-42 - -42)
14
What is the value of 2 - 0 - -5 - (1 + 15)?
-9
Evaluate 1 + -5 + (-36 + 39 - -7) - 29.
-23
(10 - -1 - 2) + (6 - (16 - 9))
8
What is the value of -18 - ((134 - 146) + 4 + -2)?
-8
What is (-10 - -6) + -5 + 2 + -7 + 13?
-1
Calculate -6 - (6 - ((4 + -10 - -3) + 20)).
5
What is the value of 20 - (-12 + -12 + 50)?
-6
Evaluate -53 + 57 - (3 + 2).
-1
What is the value of 16 + 0 - (7 - (19 + -13))?
15
What is the value of (-5 - -2 - (-15 + 14)) + (12 - 1)?
9
What is the value of -23 + (12 - -9) + -4?
-6
Evaluate (-7 + 16 - 11) + -5 + -1.
-8
What is the value of 6 - (6 + -2 - (-4 - -12))?
10
-13 + 9 - 4 - (5 + 2 - 2)
-13
Evaluate (27 - 12) + -1 - 6 - -5.
13
Evaluate (20 + -9 - 4 - (3 - 2)) + 4.
10
Calculate (8 - (16 + -1) - -13) + (6 - 22).
-10
What is 18 - (-25 - -54) - (-1 + -28)?
18
Calculate (1 - -1 - (-4 - -21)) + 204 + -198.
-9
What is (-8 - 0) + -8 + 0 + 5?
-11
What is -20 - ((-8 - -9) + -36)?
15
What is 23 + (2 - 7) - (-3 + 11)?
10
Evaluate -52 + 26 + -1 + -1 + 12.
-16
What is 1 - (-8 - 4) - (-108 + 98)?
23
Evaluate -1 - ((22 - 10) + -23).
10
Evaluate -62 + 67 - (-14 + 9 - 3).
13
-11 + -14 + 2 + 10
-13
(-1 + (1 - (2 + 0)) - -8) + 1
7
What is 2 - ((5 - 14) + 5 + -3)?
9
Evaluate (0 - (4 - 2 - 1)) + -4 + 6.
1
Evaluate (-1 - (2 - 7)) + 3 - 6.
1
What is the value of (52 - 48) + (-7 + 9 - -5)?
11
Calculate -19 + 17 + -9 - -11 - (1 + 10).
-11
What is -6 + -29 + (12 - -5)?
-18
-30 + (16 - -48) - (3 + 5)
26
Evaluate (17 - 5 - 0) + (16 - 16).
12
Calculate -38 + (12 - -18) - (3 - 0).
-11
7 + 0 - ((1 - 16) + (-2 - -14))
10
-62 + 12 + 15 + 2 + 0
-33
What is the value of 57 + -28 + -35 + (18 - 0)?
12
-2 + -3 + (-9 - -14) - (2 + 14)
-16
Calculate -25 + -25 + 8 + 66.
24
What is -3 + (-6 - -7) + (-3 + 4 - 8)?
-9
What is -25 + 2 + 29 + -29 + (-2